{"id":1197,"date":"2023-09-11T20:29:52","date_gmt":"2023-09-11T17:29:52","guid":{"rendered":"https:\/\/www.lappeenrannanjoogakerho.fi\/wordpress\/?page_id=1197"},"modified":"2024-06-12T17:35:40","modified_gmt":"2024-06-12T14:35:40","slug":"tapahtumat","status":"publish","type":"page","link":"https:\/\/www.lappeenrannanjoogakerho.fi\/?page_id=1197","title":{"rendered":"Tapahtumat"},"content":{"rendered":"\t\t<div data-elementor-type=\"wp-page\" data-elementor-id=\"1197\" class=\"elementor elementor-1197\">\n\t\t\t\t\t\t\t\t\t<section class=\"elementor-section elementor-top-section elementor-element elementor-element-e8b9bdc elementor-section-boxed elementor-section-height-default elementor-section-height-default wpr-particle-no wpr-jarallax-no wpr-parallax-no wpr-sticky-section-no\" data-id=\"e8b9bdc\" data-element_type=\"section\">\n\t\t\t\t\t\t<div class=\"elementor-container elementor-column-gap-default\">\n\t\t\t\t\t<div class=\"elementor-column elementor-col-16 elementor-top-column elementor-element elementor-element-63e7581\" data-id=\"63e7581\" data-element_type=\"column\">\n\t\t\t<div class=\"elementor-widget-wrap\">\n\t\t\t\t\t\t\t\t\t<\/div>\n\t\t<\/div>\n\t\t\t\t<div class=\"elementor-column elementor-col-66 elementor-top-column elementor-element elementor-element-282a728\" data-id=\"282a728\" data-element_type=\"column\">\n\t\t\t<div class=\"elementor-widget-wrap elementor-element-populated\">\n\t\t\t\t\t\t\t\t<div class=\"elementor-element elementor-element-fbdf7eb wpr-grid-columns-1 wpr-grid-columns--tablet2 wpr-grid-columns--mobile1 wpr-grid-pagination-center wpr-item-styles-inner elementor-widget elementor-widget-wpr-grid\" data-id=\"fbdf7eb\" data-element_type=\"widget\" data-widget_type=\"wpr-grid.default\">\n\t\t\t\t<div class=\"elementor-widget-container\">\n\t\t\t<ul class=\"wpr-grid-filters elementor-clearfix wpr-grid-filters-sep-right\"><li class=\" wpr-pointer-none wpr-pointer-line-fx wpr-pointer-fx-none\"><span data-filter=\"*\" class=\"wpr-active-filter \">Kaikki<\/span><em class=\"wpr-grid-filters-sep\"><\/em><\/li><li class=\" wpr-pointer-none wpr-pointer-line-fx wpr-pointer-fx-none\"><span  data-filter=\".category-yleinen\">Yleinen<\/span><em class=\"wpr-grid-filters-sep\"><\/em><\/li><\/ul><section class=\"wpr-grid elementor-clearfix\" data-settings=\"{&quot;layout&quot;:&quot;list&quot;,&quot;columns_desktop&quot;:&quot;1&quot;,&quot;gutter_hr&quot;:15,&quot;gutter_hr_mobile&quot;:15,&quot;gutter_hr_mobile_extra&quot;:15,&quot;gutter_hr_tablet&quot;:15,&quot;gutter_hr_tablet_extra&quot;:15,&quot;gutter_hr_laptop&quot;:15,&quot;gutter_hr_widescreen&quot;:15,&quot;gutter_vr&quot;:50,&quot;gutter_vr_mobile&quot;:50,&quot;gutter_vr_mobile_extra&quot;:50,&quot;gutter_vr_tablet&quot;:50,&quot;gutter_vr_tablet_extra&quot;:50,&quot;gutter_vr_laptop&quot;:50,&quot;gutter_vr_widescreen&quot;:50,&quot;animation&quot;:&quot;default&quot;,&quot;animation_duration&quot;:0.3,&quot;animation_delay&quot;:0.1,&quot;deeplinking&quot;:&quot;&quot;,&quot;filters_linkable&quot;:&quot;no&quot;,&quot;filters_default_filter&quot;:&quot;&quot;,&quot;filters_count&quot;:&quot;&quot;,&quot;filters_hide_empty&quot;:&quot;yes&quot;,&quot;filters_animation&quot;:&quot;default&quot;,&quot;filters_animation_duration&quot;:0.3,&quot;filters_animation_delay&quot;:0.1,&quot;pagination_type&quot;:&quot;load-more&quot;,&quot;pagination_max_pages&quot;:20,&quot;media_align&quot;:&quot;left&quot;,&quot;media_width&quot;:25,&quot;media_distance&quot;:20,&quot;lightbox&quot;:{&quot;selector&quot;:&quot;.wpr-grid-image-wrap&quot;,&quot;iframeMaxWidth&quot;:&quot;60%&quot;,&quot;hash&quot;:false,&quot;autoplay&quot;:&quot;true&quot;,&quot;pause&quot;:5000,&quot;progressBar&quot;:&quot;true&quot;,&quot;counter&quot;:&quot;true&quot;,&quot;controls&quot;:&quot;true&quot;,&quot;getCaptionFromTitleOrAlt&quot;:&quot;true&quot;,&quot;thumbnail&quot;:&quot;&quot;,&quot;showThumbByDefault&quot;:&quot;&quot;,&quot;share&quot;:&quot;&quot;,&quot;zoom&quot;:&quot;true&quot;,&quot;fullScreen&quot;:&quot;true&quot;,&quot;download&quot;:&quot;true&quot;}}\"><article class=\"wpr-grid-item elementor-clearfix post-1767 post type-post status-publish format-standard hentry category-yleinen\"><div class=\"wpr-grid-item-inner\"><div class=\"wpr-grid-media-wrap wpr-effect-size-medium \" data-overlay-link=\"yes\"><div class=\"wpr-grid-media-hover wpr-animation-wrap\"><div class=\"wpr-grid-media-hover-bg  wpr-overlay-fade-in wpr-anim-size-large wpr-anim-timing-ease-default wpr-anim-transparency\" data-url=\"https:\/\/www.lappeenrannanjoogakerho.fi\/?p=1767\"><\/div><\/div><\/div><div class=\"wpr-grid-item-below-content elementor-clearfix\"><div class=\"wpr-grid-item-category elementor-repeater-item-65a4d09 wpr-grid-item-display-block wpr-grid-item-align-left wpr-pointer-none wpr-pointer-line-fx wpr-pointer-fx-fade wpr-grid-tax-style-1\"><div class=\"inner-block\"><a  href=\"https:\/\/www.lappeenrannanjoogakerho.fi\/?cat=1\">Yleinen<\/a><\/div><\/div><h2 class=\"wpr-grid-item-title elementor-repeater-item-c998815 wpr-grid-item-display-block wpr-grid-item-align-left wpr-pointer-none wpr-pointer-line-fx wpr-pointer-fx-fade\"><div class=\"inner-block\"><a target=\"_self\"  href=\"https:\/\/www.lappeenrannanjoogakerho.fi\/?p=1767\">Joogaliiton talvip\u00e4iv\u00e4t Lappeenrannassa 13-15.3.2026<\/a><\/div><\/h2><div class=\"wpr-grid-item-date elementor-repeater-item-4bad02f wpr-grid-item-display-inline wpr-grid-item-align-left\"><div class=\"inner-block\"><span>13.1.2026<span class=\"wpr-grid-extra-text-right\"><\/span><\/span><\/div><\/div><div class=\"wpr-grid-item-excerpt elementor-repeater-item-4feac51 wpr-grid-item-display-block wpr-grid-item-align-left\"><div class=\"inner-block\"><p>Tervetuloa joogaamaan, kuuntelemaan mielenkiintoisia luentoja joogasta tai osallistumaan ty\u00f6pajoihin. Nyt siihen on mahdollisuus Lappeenrannassa, Hotelli Lappeessa! Alla on lauantain 14.3&hellip;<\/p><\/div><\/div><div class=\"wpr-grid-item-read-more elementor-repeater-item-646f0d4 wpr-grid-item-display-block wpr-grid-item-align-left\"><div class=\"inner-block\"><a target=\"_self\" href=\"https:\/\/www.lappeenrannanjoogakerho.fi\/?p=1767\" class=\"wpr-button-effect wpr-button-none\"><span>Lue lis\u00e4\u00e4...<\/span><\/a><\/div><\/div><\/div><\/div><\/article><article class=\"wpr-grid-item elementor-clearfix post-1742 post type-post status-publish format-standard hentry category-yleinen\"><div class=\"wpr-grid-item-inner\"><div class=\"wpr-grid-media-wrap wpr-effect-size-medium \" data-overlay-link=\"yes\"><div class=\"wpr-grid-media-hover wpr-animation-wrap\"><div class=\"wpr-grid-media-hover-bg  wpr-overlay-fade-in wpr-anim-size-large wpr-anim-timing-ease-default wpr-anim-transparency\" data-url=\"https:\/\/www.lappeenrannanjoogakerho.fi\/?p=1742\"><\/div><\/div><\/div><div class=\"wpr-grid-item-below-content elementor-clearfix\"><div class=\"wpr-grid-item-category elementor-repeater-item-65a4d09 wpr-grid-item-display-block wpr-grid-item-align-left wpr-pointer-none wpr-pointer-line-fx wpr-pointer-fx-fade wpr-grid-tax-style-1\"><div class=\"inner-block\"><a  href=\"https:\/\/www.lappeenrannanjoogakerho.fi\/?cat=1\">Yleinen<\/a><\/div><\/div><h2 class=\"wpr-grid-item-title elementor-repeater-item-c998815 wpr-grid-item-display-block wpr-grid-item-align-left wpr-pointer-none wpr-pointer-line-fx wpr-pointer-fx-fade\"><div class=\"inner-block\"><a target=\"_self\"  href=\"https:\/\/www.lappeenrannanjoogakerho.fi\/?p=1742\">Joogaliiton Talvip\u00e4iv\u00e4t 13-15.3.2026 Lappeenrannassa<\/a><\/div><\/h2><div class=\"wpr-grid-item-date elementor-repeater-item-4bad02f wpr-grid-item-display-inline wpr-grid-item-align-left\"><div class=\"inner-block\"><span>9.10.2025<span class=\"wpr-grid-extra-text-right\"><\/span><\/span><\/div><\/div><div class=\"wpr-grid-item-excerpt elementor-repeater-item-4feac51 wpr-grid-item-display-block wpr-grid-item-align-left\"><div class=\"inner-block\"><p>Talvip\u00e4iv\u00e4t 2026 j\u00e4rjestet\u00e4\u00e4n Lappeenrannassa pe-su 13-15.3.2026 Sokos Hotelli Lappeessa. Teemana on &#8217;KOHTI OLEMISEN TILAA JOOGASSA JA ARJESSA&#8217;. Monipuolinen ohjelma sis\u00e4lt\u00e4\u00e4&hellip;<\/p><\/div><\/div><div class=\"wpr-grid-item-read-more elementor-repeater-item-646f0d4 wpr-grid-item-display-block wpr-grid-item-align-left\"><div class=\"inner-block\"><a target=\"_self\" href=\"https:\/\/www.lappeenrannanjoogakerho.fi\/?p=1742\" class=\"wpr-button-effect wpr-button-none\"><span>Lue lis\u00e4\u00e4...<\/span><\/a><\/div><\/div><\/div><\/div><\/article><article class=\"wpr-grid-item elementor-clearfix post-1726 post type-post status-publish format-standard hentry category-yleinen\"><div class=\"wpr-grid-item-inner\"><div class=\"wpr-grid-media-wrap wpr-effect-size-medium \" data-overlay-link=\"yes\"><div class=\"wpr-grid-media-hover wpr-animation-wrap\"><div class=\"wpr-grid-media-hover-bg  wpr-overlay-fade-in wpr-anim-size-large wpr-anim-timing-ease-default wpr-anim-transparency\" data-url=\"https:\/\/www.lappeenrannanjoogakerho.fi\/?p=1726\"><\/div><\/div><\/div><div class=\"wpr-grid-item-below-content elementor-clearfix\"><div class=\"wpr-grid-item-category elementor-repeater-item-65a4d09 wpr-grid-item-display-block wpr-grid-item-align-left wpr-pointer-none wpr-pointer-line-fx wpr-pointer-fx-fade wpr-grid-tax-style-1\"><div class=\"inner-block\"><a  href=\"https:\/\/www.lappeenrannanjoogakerho.fi\/?cat=1\">Yleinen<\/a><\/div><\/div><h2 class=\"wpr-grid-item-title elementor-repeater-item-c998815 wpr-grid-item-display-block wpr-grid-item-align-left wpr-pointer-none wpr-pointer-line-fx wpr-pointer-fx-fade\"><div class=\"inner-block\"><a target=\"_self\"  href=\"https:\/\/www.lappeenrannanjoogakerho.fi\/?p=1726\">Perjantaijooga alkaa 9.1.2026<\/a><\/div><\/h2><div class=\"wpr-grid-item-date elementor-repeater-item-4bad02f wpr-grid-item-display-inline wpr-grid-item-align-left\"><div class=\"inner-block\"><span>13.8.2025<span class=\"wpr-grid-extra-text-right\"><\/span><\/span><\/div><\/div><div class=\"wpr-grid-item-excerpt elementor-repeater-item-4feac51 wpr-grid-item-display-block wpr-grid-item-align-left\"><div class=\"inner-block\"><p>Perjantaijooga jatkuu tuttuun tapaan L\u00f6nnrotin koulun liikuntasalissa (L\u00f6nnrotinkatu 1) klo 17.30-19.00. Tuo mukana oma alusta ja tarvittaessa p\u00e4\u00e4n alle pyyhe&hellip;<\/p><\/div><\/div><div class=\"wpr-grid-item-read-more elementor-repeater-item-646f0d4 wpr-grid-item-display-block wpr-grid-item-align-left\"><div class=\"inner-block\"><a target=\"_self\" href=\"https:\/\/www.lappeenrannanjoogakerho.fi\/?p=1726\" class=\"wpr-button-effect wpr-button-none\"><span>Lue lis\u00e4\u00e4...<\/span><\/a><\/div><\/div><\/div><\/div><\/article><article class=\"wpr-grid-item elementor-clearfix post-1706 post type-post status-publish format-standard hentry category-yleinen\"><div class=\"wpr-grid-item-inner\"><div class=\"wpr-grid-media-wrap wpr-effect-size-medium \" data-overlay-link=\"yes\"><div class=\"wpr-grid-media-hover wpr-animation-wrap\"><div class=\"wpr-grid-media-hover-bg  wpr-overlay-fade-in wpr-anim-size-large wpr-anim-timing-ease-default wpr-anim-transparency\" data-url=\"https:\/\/www.lappeenrannanjoogakerho.fi\/?p=1706\"><\/div><\/div><\/div><div class=\"wpr-grid-item-below-content elementor-clearfix\"><div class=\"wpr-grid-item-category elementor-repeater-item-65a4d09 wpr-grid-item-display-block wpr-grid-item-align-left wpr-pointer-none wpr-pointer-line-fx wpr-pointer-fx-fade wpr-grid-tax-style-1\"><div class=\"inner-block\"><a  href=\"https:\/\/www.lappeenrannanjoogakerho.fi\/?cat=1\">Yleinen<\/a><\/div><\/div><h2 class=\"wpr-grid-item-title elementor-repeater-item-c998815 wpr-grid-item-display-block wpr-grid-item-align-left wpr-pointer-none wpr-pointer-line-fx wpr-pointer-fx-fade\"><div class=\"inner-block\"><a target=\"_self\"  href=\"https:\/\/www.lappeenrannanjoogakerho.fi\/?p=1706\">Sandra Sabatini ja Michal Havking Lappeenrannassa 12-14.6.2026<\/a><\/div><\/h2><div class=\"wpr-grid-item-date elementor-repeater-item-4bad02f wpr-grid-item-display-inline wpr-grid-item-align-left\"><div class=\"inner-block\"><span>10.5.2025<span class=\"wpr-grid-extra-text-right\"><\/span><\/span><\/div><\/div><div class=\"wpr-grid-item-excerpt elementor-repeater-item-4feac51 wpr-grid-item-display-block wpr-grid-item-align-left\"><div class=\"inner-block\"><p>Maailmankuulut joogaohjaajat Sandra Sabatini ja Michal Havking j\u00e4rjest\u00e4v\u00e4t joogakurssin Lappeenrannassa pe -su 12-14.6.2026. Kurssipaikkana on L\u00f6nnrotin koulun liikuntasali. Tunnit ovat&hellip;<\/p><\/div><\/div><div class=\"wpr-grid-item-read-more elementor-repeater-item-646f0d4 wpr-grid-item-display-block wpr-grid-item-align-left\"><div class=\"inner-block\"><a target=\"_self\" href=\"https:\/\/www.lappeenrannanjoogakerho.fi\/?p=1706\" class=\"wpr-button-effect wpr-button-none\"><span>Lue lis\u00e4\u00e4...<\/span><\/a><\/div><\/div><\/div><\/div><\/article><article class=\"wpr-grid-item elementor-clearfix post-1704 post type-post status-publish format-standard hentry category-yleinen\"><div class=\"wpr-grid-item-inner\"><div class=\"wpr-grid-media-wrap wpr-effect-size-medium \" data-overlay-link=\"yes\"><div class=\"wpr-grid-media-hover wpr-animation-wrap\"><div class=\"wpr-grid-media-hover-bg  wpr-overlay-fade-in wpr-anim-size-large wpr-anim-timing-ease-default wpr-anim-transparency\" data-url=\"https:\/\/www.lappeenrannanjoogakerho.fi\/?p=1704\"><\/div><\/div><\/div><div class=\"wpr-grid-item-below-content elementor-clearfix\"><div class=\"wpr-grid-item-category elementor-repeater-item-65a4d09 wpr-grid-item-display-block wpr-grid-item-align-left wpr-pointer-none wpr-pointer-line-fx wpr-pointer-fx-fade wpr-grid-tax-style-1\"><div class=\"inner-block\"><a  href=\"https:\/\/www.lappeenrannanjoogakerho.fi\/?cat=1\">Yleinen<\/a><\/div><\/div><h2 class=\"wpr-grid-item-title elementor-repeater-item-c998815 wpr-grid-item-display-block wpr-grid-item-align-left wpr-pointer-none wpr-pointer-line-fx wpr-pointer-fx-fade\"><div class=\"inner-block\"><a target=\"_self\"  href=\"https:\/\/www.lappeenrannanjoogakerho.fi\/?p=1704\">Joogamaraton la 17.5.2025<\/a><\/div><\/h2><div class=\"wpr-grid-item-date elementor-repeater-item-4bad02f wpr-grid-item-display-inline wpr-grid-item-align-left\"><div class=\"inner-block\"><span>10.5.2025<span class=\"wpr-grid-extra-text-right\"><\/span><\/span><\/div><\/div><div class=\"wpr-grid-item-excerpt elementor-repeater-item-4feac51 wpr-grid-item-display-block wpr-grid-item-align-left\"><div class=\"inner-block\"><p>Tervetuloa joogamaratoniin lauantaina 17.5 klo 11-14 Kes\u00e4m\u00e4enrinteen koululle (Kapteeninkatu 1). Jooganohjaajia on kolme: Marja-Leena Ilmoni, Liisa Flykt ja Tiina Vahteristo.&hellip;<\/p><\/div><\/div><div class=\"wpr-grid-item-read-more elementor-repeater-item-646f0d4 wpr-grid-item-display-block wpr-grid-item-align-left\"><div class=\"inner-block\"><a target=\"_self\" href=\"https:\/\/www.lappeenrannanjoogakerho.fi\/?p=1704\" class=\"wpr-button-effect wpr-button-none\"><span>Lue lis\u00e4\u00e4...<\/span><\/a><\/div><\/div><\/div><\/div><\/article><\/section><div class=\"wpr-grid-pagination elementor-clearfix wpr-grid-pagination-load-more\"><a href=\"https:\/\/www.lappeenrannanjoogakerho.fi\/index.php?rest_route=%2Fwp%2Fv2%2Fpages%2F1197&#038;paged=2\" class=\"wpr-load-more-btn\" data-e-disable-page-transition >Lataa lis\u00e4\u00e4<\/a><div class=\"wpr-pagination-loading\"><div class=\"wpr-double-bounce\"><div class=\"wpr-child wpr-double-bounce1\"><\/div><div class=\"wpr-child wpr-double-bounce2\"><\/div><\/div><\/div><p class=\"wpr-pagination-finish\">Ei muita tapahtumia<\/p><\/div>\t\t<\/div>\n\t\t\t\t<\/div>\n\t\t\t\t\t<\/div>\n\t\t<\/div>\n\t\t\t\t<div class=\"elementor-column elementor-col-16 elementor-top-column elementor-element elementor-element-26e47e0\" data-id=\"26e47e0\" data-element_type=\"column\">\n\t\t\t<div class=\"elementor-widget-wrap\">\n\t\t\t\t\t\t\t\t\t<\/div>\n\t\t<\/div>\n\t\t\t\t\t\t\t<\/div>\n\t\t<\/section>\n\t\t\t\t\t\t\t<\/div>\n\t\t","protected":false},"excerpt":{"rendered":"<p>Kaikki Yleinen Yleinen Osallistu akateemiseen tutkimukseen: joogan harrastajat Suomessa 12.6.2024 M\u00e5ns Broo ja Janne Kontala et al. tekev\u00e4t akateemista tutkimusta joogan harrastajista Suomessa.\u00a0He pyyt\u00e4v\u00e4t kaikkia halukkaita joogan harrastajia t\u00e4ytt\u00e4m\u00e4\u00e4n heid\u00e4n&hellip; Lue lis\u00e4\u00e4&#8230; Yleinen KES\u00c4JOOGA 2024 Kes\u00e4m\u00e4enrinteen salissa 3.6 alkaen klo 18 22.5.2024 Kes\u00e4jooga alkaa maanantaina 3.6 Kes\u00e4m\u00e4enrinteen koulun salissa klo 18.00. Kes\u00e4joogan hinta on 5E\/kerta &hellip;<\/p>\n<p class=\"read-more\"> <a class=\"\" href=\"https:\/\/www.lappeenrannanjoogakerho.fi\/?p=1704\"> <span class=\"screen-reader-text\">Joogamaraton la 17.5.2025<\/span> Lue lis\u00e4\u00e4 &raquo;<\/a><\/p>\n","protected":false},"author":11,"featured_media":0,"parent":0,"menu_order":0,"comment_status":"closed","ping_status":"closed","template":"","meta":{"site-sidebar-layout":"default","site-content-layout":"","ast-site-content-layout":"","site-content-style":"default","site-sidebar-style":"default","ast-global-header-display":"","ast-banner-title-visibility":"","ast-main-header-display":"","ast-hfb-above-header-display":"","ast-hfb-below-header-display":"","ast-hfb-mobile-header-display":"","site-post-title":"","ast-breadcrumbs-content":"","ast-featured-img":"","footer-sml-layout":"","theme-transparent-header-meta":"","adv-header-id-meta":"","stick-header-meta":"","header-above-stick-meta":"","header-main-stick-meta":"","header-below-stick-meta":"","astra-migrate-meta-layouts":"","footnotes":""},"aioseo_notices":[],"_links":{"self":[{"href":"https:\/\/www.lappeenrannanjoogakerho.fi\/index.php?rest_route=\/wp\/v2\/pages\/1197"}],"collection":[{"href":"https:\/\/www.lappeenrannanjoogakerho.fi\/index.php?rest_route=\/wp\/v2\/pages"}],"about":[{"href":"https:\/\/www.lappeenrannanjoogakerho.fi\/index.php?rest_route=\/wp\/v2\/types\/page"}],"author":[{"embeddable":true,"href":"https:\/\/www.lappeenrannanjoogakerho.fi\/index.php?rest_route=\/wp\/v2\/users\/11"}],"replies":[{"embeddable":true,"href":"https:\/\/www.lappeenrannanjoogakerho.fi\/index.php?rest_route=%2Fwp%2Fv2%2Fcomments&post=1197"}],"version-history":[{"count":35,"href":"https:\/\/www.lappeenrannanjoogakerho.fi\/index.php?rest_route=\/wp\/v2\/pages\/1197\/revisions"}],"predecessor-version":[{"id":1604,"href":"https:\/\/www.lappeenrannanjoogakerho.fi\/index.php?rest_route=\/wp\/v2\/pages\/1197\/revisions\/1604"}],"wp:attachment":[{"href":"https:\/\/www.lappeenrannanjoogakerho.fi\/index.php?rest_route=%2Fwp%2Fv2%2Fmedia&parent=1197"}],"curies":[{"name":"wp","href":"https:\/\/api.w.org\/{rel}","templated":true}]}}